5*i + 3, -3*g + 17 = 2*g + 3*i. Suppose -5*y + 443 = -z*n, 2*n + 352 = g*y + n. Is y prime?
False
Let t(q) = 188*q - 11 + 8 + 13. Let b be t(-3). Is (-2)/14 + b/(-7) composite?
False
Let q(x) = 22*x**2 + 12*x - 50. Is q(8) prime?
False
Let o(c) = 3*c**2 - 8. Let m be o(2). Let a be ((-6)/4)/((-2)/4). Suppose i = -m*y + 746, a*y - i + 4*i = 555. Is y prime?
False
Let a = -31289 - -52348. Is a a composite number?
False
Let x = -30 + 35. Suppose x*d = 1359 + 106. Is d composite?
False
Suppose 0 = 5*k + r + 5770, -2*k - 3*r = -k + 1140. Let p = -656 - k. Is p prime?
True
Let c = -7470 - -10555. Is c a prime number?
False
Let d = -2 + 0. Suppose -501 = 3*l - 168. Is (l/d)/(9/30) a composite number?
True
Let b = -43 + 4932. Is b a composite number?
False
Let o = 2784 + 22607. Is o a prime number?
True
Let d = -14 + 49. Let v be (-2 - -4)*2/2. Suppose g + d = v*g. Is g composite?
True
Suppose 4*h + 75382 = 2*j, 0 = 10*j - 11*j + h + 37691. Is j prime?
True
Let k(o) = 17*o + 47. Let u be k(-9). Suppose 0 = 3*l + b + 853, 0 = -l - 4*b + 25 - 313. Let i = u - l. Is i composite?
True
Suppose 5*q = 2*z - 326, 0*z + 2*q = -3*z + 508. Let m = z - 117. Is m a composite number?
True
Let u = -7910 - -15579. Is u a composite number?
False
Suppose 5*b - 4*p = 7293, 7295 = -3*b + 8*b - 5*p. Is b prime?
False
Let u = -1910 - -2887. Is u prime?
True
Suppose 5*p - k = 6900, 5*p - 3465 = -2*k + 3450. Is p composite?
False
Suppose 0 = 5*z - 20, -3*z + 4 = -d - 4. Suppose -52 = -d*m + 36. Is m prime?
False
Let o(w) = -31*w - 28. Let n(q) = -62*q - 56. Let l(f) = 2*n(f) - 5*o(f). Is l(9) a composite number?
False
Suppose -4*o = 3 + 1. Let f be o - (0 + 0 - 894). Is 8/(-32) + f/4 prime?
True
Is -17*((-11)/(77/(-28)) - 1241) prime?
False
Suppose 2*n = -0*n - 530. Let h = n - -426. Is h composite?
True
Let n(v) = -v**2 - 4*v - 1. Let y be n(-4). Let l(z) be the second derivative of -331*z**5/20 + z**3/6 + z**2/2 + 155*z. Is l(y) a composite number?
False
Suppose -57*j = -75*j + 437634. Is j a composite number?
True
Suppose -3*s = v + 27, -s - 57 = 2*v + 4*s. Let c be (-1)/6 - 1914/v. Let g = 180 - c. Is g prime?
True
Suppose -2*h + 22 = 4*n, 62 = 3*h + 2*n + 17. Is h - -70 - 0/1 a composite number?
True
Let u be ((-180)/(-21))/((-2)/(-161)). Let g = u - 436. Is g a composite number?
True
Let t(k) = k**2 - 58*k + 45. Let u be t(-25). Suppose -4*y + u = -2*d, 136 - 655 = -y - 5*d. Is y composite?
True
Let f(g) = -g - 2. Let w be f(-5). Suppose -c + w*u = -879, -2*c + 5*u + 4425 = 3*c. Let k = -557 + c. Is k a prime number?
True
Let x = 62 - 125. Is (-4)/(-18) + (-13279)/x a composite number?
False
Let u be (-108 + 2)*80/(-32). Suppose -3*y = 47 + 331. Let w = u + y. Is w a prime number?
True
Suppose 4*y - 12 = 0, -2*h = -3*h - 5*y + 12968. Is h a prime number?
True
Let x(w) = 88*w**2 + 14*w + 29. Is x(8) a composite number?
True
Let r(t) = -t**3 - 8*t**2 - 2*t - 29. Suppose 0*d - 4*b = -2*d - 8, -45 = 3*d + 5*b. Is r(d) a prime number?
True
Suppose -5*i + 1333 = -4*i. Let y = i + -776. Is y prime?
True
Let t be 6/(-33) + 4/22. Let j(f) = f**3 - f**2 + 14. Let o be j(t). Let h = o - 4. Is h a composite number?
True
Suppose -13*n + 442414 - 90855 = 0. Is n a composite number?
False
Let b(m) = 299*m - 6. Let h be b(2). Let a = 1265 - h. Is a a prime number?
True
Suppose -2*c = -c + 9. Let q(s) = 9*s + 17. Let h(y) = 5*y + 8. Let v(m) = c*h(m) + 4*q(m). Is v(-2) a composite number?
True
Suppose -2256 = -2*o - 2*v, 4*v = 3*v + 5. Is o prime?
True
Let d be (-208)/((-5 + 0)/60). Suppose 1587 + d = 3*c. Is c prime?
True
Let c(y) = -y**3 - 7*y**2 + 7*y - 3. Let u be c(-8). Suppose 3322 = u*f - 1423. Suppose 0 = -4*x + f + 1399. Is x composite?
False
Let q = -2842 - -1971. Let i = q - -1518. Is i a composite number?
False
Let a = -11 - -11. Suppose -2*c + u = -608, -4*c + 5*u - 547 + 1757 = a. Is c prime?
False
Let x(h) = -h + 83. Let v be (36/(-2))/3 + 0. Let n = v + 6. Is x(n) a composite number?
False
Suppose 3*r = 3*k + 20394, 2*r + k - 5328 = 8283. Is r composite?
False
Suppose 3*l + 6*l = -1503. Let t = l + 589. Is t a composite number?
True
Suppose 23 = 3*w + 5*s - 9, -4*s + 20 = w. Suppose -2*h = 2*y - 1092, -y - y - w*h = -1082. Is y a prime number?
False
Let k = -9361 - -14252. Is k a composite number?
True
Let c(w) = 2011*w**3 + 0 + w**2 + 491*w**3 + 0. Is c(1) composite?
False
Let r = -19 - -24. Suppose -2*x + 397 = -r*d, -x - 4*d + 313 = 82. Is x composite?
False
Let g = -27833 - -53668. Is g a prime number?
False
Suppose -19*z - 13061 = -113704. Is z a prime number?
True
Suppose 489 = -a - 336. Let i = -235 - a. Let k = i + -403. Is k a prime number?
False
Let m = -1 - -3. Suppose -m*d - 2*k = 3*d + 1427, 5*k = -5*d - 1430. Let j = d - -418. Is j a prime number?
False
Let n = -35154 - -15337. Let j be 1/(-6) - n/(-42). Let b = j - -993. Is b composite?
False
Let x(g) = -88*g + 11. Is x(-14) a prime number?
False
Let p = -5231 + 7950. Is p prime?
True
Suppose -104003 = -8*k + 17189. Is k composite?
False
Let j(w) = w + 6. Let p(t) = t**2 + 6*t - 7. Let u be p(-6). Let g be j(u). Is g + 0 + 2 + 50 prime?
False
Is ((3 + -4)/(-3))/((-2)/(-7446)) a composite number?
True
Suppose -3*i + 181184 = 4*o, o + 18*i = 20*i + 45285. Is o composite?
False
Suppose 2*i = -5*f + 9175, -f - 4*i + i = -1835. Is f a prime number?
False
Let b = -65790 - -147499. Is b composite?
True
Suppose -28411 = -11*l + 10650. Is l prime?
False
Suppose 0 = -29*i + 25*i - 1196. Let z(a) = 50*a**2 - a + 1. Let y be z(3). Let h = y + i. Is h composite?
False
Let v = 69 - 42. Suppose 22*q + 275 = v*q. Is q a prime number?
False
Let u = -7583 + 15238. Is u composite?
True
Let p(s) be the second derivative of -s**5/20 + s**4/12 - s**3/6 + 110*s**2 + 6*s. Let w be p(0). Is w - (6/2 + -6) composite?
False
Let r(i) = -i**3 + 26*i**2 + 41*i + 7. Let u = 36 - 19. Is r(u) prime?
False
Suppose 38 = 3*f - 4*z, 2*f + 5*z + 2 = -11. Suppose -5*i = -f*i + 749. Is i composite?
True
Let k(z) = -4201*z**3 - 2*z**2 - z + 1. Is k(-1) composite?
False
Let z be 3/(-1 + 4) - -5. Suppose m + z*g + 4 = 3*g, 2*g + 40 = 4*m. Suppose -m*q = -11*q + 327. Is q composite?
False
Let o = 214 - -52. Let k be (-2)/3 + (-2188)/12. Let j = k + o. Is j a composite number?
False
Suppose -10*g = 3*g - 22529. Is g a prime number?
True
Suppose 0 = -8*v + 6682 + 38670. Is v prime?
True
Let k(q) = -q**3 - 2*q**2 + 3*q. Let s be k(-3). Suppose s*t - 9 = -3*t. Suppose 119 = -t*i + 1310. Is i prime?
True
Let c = -33771 - -51692. Is c composite?
False
Suppose -4468 = -3*a + 7*a. Let i = 1679 + a. Is i a prime number?
False
Suppose -4990 = 3*k - d, -5*d + 1127 = -3*k - 3855. Let j = -25 - k. Is j a composite number?
True
Let k(x) = -9*x - 3. Let p be k(-3). Suppose -o - 4*v = -14, 0*v - 4*v + p = -4*o. Is (-92)/(-12)*(1 - o) composite?
False
Let s = 34310 - 21703. Is s a composite number?
True
Let i(s) = s**2 + s + 1. Let b(m) = m**2 + 2*m + 102. Let g(n) = b(n) - 2*i(n). Let j be g(0). Let u = 42 + j. Is u composite?
True
Let q(b) = 708*b + 11. Is q(19) a prime number?
True
Let k = -163251 - -257998. Is k composite?
False
Suppose -2*b + 17*b - 214185 = 0. Is b prime?
False
Is (-2)/6 - 130140/(-162) composite?
True
Is 1 - 4 - 9/((-18)/11948) prime?
False
Let m be -1 + (1 - 2209)/(-3). Suppose -5*p = 2*h - m, 4*h + 20 = -0. Is p composite?
False
Let s(v) = -v**2 - 21*v + 23*v + v**2 + 3 + 127*v**3 - 3*v**2. Is s(2) a prime number?
False
Let h(u) = u**2 - 56*u - 764. Is h(-63) a prime number?
True
Let z be (3/6)/((-1)/48). Let p be z/(-2) + -2 + -1. Is (-2 + 276)/(6/p) prime?
False
Let u = 33 - 18. Suppose u = -5*a, 2*l + 2*a + 10 = -0*l. Is 2 - l - (-74 - 1) a composite number?
False
Suppose 4*z + 5*c = 30, -3*z + 4*z = 4*c - 3. Suppose w + 4852 = z*w. Is w a prime number?
True
Let j(s) = 281*s**2 + 11*s - 5. Suppose -y + 0*y = 3*r - 9, -5*y = 2*r + 7. Is j(r) a prime number?
False
Is (38932 - -40) + (0 - (-3)/(-3)) prime?
True
Let m be 1*-1*(18 - 20). Suppose m*d - d = 307. Is d a composite number?
False
Let m be 6/(-4)*(-10038)/21. Suppose -d + 1799 = m. Is d a prime number?
False
Let s = 45084 + -20887. Is s a prime number?
True
Let p = 384 - 67. Is p a prime number?
True
Suppose -3*j + 5*h - 473 = 0, 2*j - 2*h - 466 = 5*j. Let q = -21 + -8. Let s 